{"id":11,"date":"2026-02-11T13:07:58","date_gmt":"2026-02-11T13:07:58","guid":{"rendered":"http:\/\/lesexperiencesway.fr\/?page_id=11"},"modified":"2026-02-13T15:30:42","modified_gmt":"2026-02-13T15:30:42","slug":"atelier-apero-peinture-aix-en-provence","status":"publish","type":"page","link":"https:\/\/lesexperiencesway.fr\/index.php\/atelier-apero-peinture-aix-en-provence\/","title":{"rendered":"Ateliers"},"content":{"rendered":"\n<div class=\"wp-block-cover alignfull is-light\" style=\"min-height:500px;aspect-ratio:unset;\"><img loading=\"lazy\" decoding=\"async\" width=\"1024\" height=\"331\" class=\"wp-block-cover__image-background wp-image-165 size-large\" alt=\"\" src=\"http:\/\/lesexperiencesway.fr\/wp-content\/uploads\/2026\/02\/APERO_PEINTURE_AIX_EN_PROVENCE_LES_EXPERIENCES_WAY_04-1024x331.jpg\" data-object-fit=\"cover\" srcset=\"https:\/\/lesexperiencesway.fr\/wp-content\/uploads\/2026\/02\/APERO_PEINTURE_AIX_EN_PROVENCE_LES_EXPERIENCES_WAY_04-1024x331.jpg 1024w, https:\/\/lesexperiencesway.fr\/wp-content\/uploads\/2026\/02\/APERO_PEINTURE_AIX_EN_PROVENCE_LES_EXPERIENCES_WAY_04-300x97.jpg 300w, https:\/\/lesexperiencesway.fr\/wp-content\/uploads\/2026\/02\/APERO_PEINTURE_AIX_EN_PROVENCE_LES_EXPERIENCES_WAY_04-768x248.jpg 768w, https:\/\/lesexperiencesway.fr\/wp-content\/uploads\/2026\/02\/APERO_PEINTURE_AIX_EN_PROVENCE_LES_EXPERIENCES_WAY_04-1536x497.jpg 1536w, https:\/\/lesexperiencesway.fr\/wp-content\/uploads\/2026\/02\/APERO_PEINTURE_AIX_EN_PROVENCE_LES_EXPERIENCES_WAY_04.jpg 1920w\" sizes=\"auto, (max-width: 1024px) 100vw, 1024px\" \/><span aria-hidden=\"true\" class=\"wp-block-cover__background has-background-dim-0 has-background-dim\" style=\"background-color:#beabb9\"><\/span><div class=\"wp-block-cover__inner-container has-global-padding is-layout-constrained wp-block-cover-is-layout-constrained\">\n<div class=\"wp-block-group is-vertical is-content-justification-center is-layout-flex wp-container-core-group-is-layout-27e8027c wp-block-group-is-layout-flex\" style=\"padding-top:0;padding-right:2.01rem;padding-bottom:0;padding-left:2.01rem\">\n<h1 class=\"wp-block-heading has-text-color has-prata-regular-font-family\" style=\"color:#203c7d;font-size:clamp(1.976rem, 1.976rem + ((1vw - 0.2rem) * 2.771), 3.5rem);\">Atelier cr\u00e9atif<\/h1>\n<\/div>\n<\/div><\/div>\n\n\n\n<h1 class=\"wp-block-heading has-text-align-center has-text-color has-link-color has-medium-font-size wp-elements-0f971f8d4abed795e1e061eeb8d2f2d9\" style=\"color:#203c7d\"><strong>Atelier Ap\u00e9ro &amp; Peinture \u00e0 Aix-en-Provence<\/strong><\/h1>\n\n\n\n<div class=\"wp-block-group alignwide has-global-padding is-layout-constrained wp-container-core-group-is-layout-3bef3681 wp-block-group-is-layout-constrained\" style=\"padding-top:4.51rem;padding-right:0;padding-bottom:4.51rem;padding-left:0\">\n<div class=\"wp-block-media-text alignwide has-media-on-the-right is-stacked-on-mobile\" style=\"margin-right:0;margin-left:0;padding-right:0;padding-left:0\"><div class=\"wp-block-media-text__content\">\n<div class=\"wp-block-group has-global-padding is-layout-constrained wp-container-core-group-is-layout-0395af79 wp-block-group-is-layout-constrained\" style=\"padding-top:4.51rem;padding-right:2.71rem;padding-bottom:4.51rem;padding-left:0\">\n<h2 class=\"wp-block-heading has-text-align-left has-text-color has-link-color wp-elements-21337782762bd7744cd4d5053c04da52\" style=\"color:#203c7d;font-size:clamp(1.383rem, 1.383rem + ((1vw - 0.2rem) * 1.595), 2.26rem);\">Qui sommes-nous ?<\/h2>\n\n\n\n<p>Pauline &amp; Lola, amies dans la vie et unies par le travail, nous sommes toutes deux directrices artistiques et les fondatrices de l\u2019<a href=\"http:\/\/www.studio-way.fr\">agence <\/a><a href=\"http:\/\/www.studio-way.fr\" target=\"_blank\" rel=\"noreferrer noopener\">Studio<\/a><a href=\"http:\/\/www.studio-way.fr\"> WAY<\/a>, sp\u00e9cialis\u00e9e en cr\u00e9ation de d\u00e9cors pour les professionnels (vitrine, stand, pop-up\u2026).<br>Nous adorons partager et recevoir, c&rsquo;est pour cette raison que nous avons cr\u00e9\u00e9 les Exp\u00e9riences WAY, on moment pour soi et pour d\u00e9connecter !<\/p>\n\n\n\n<div class=\"wp-block-buttons is-layout-flex wp-block-buttons-is-layout-flex\" style=\"margin-top:2.01rem;margin-bottom:0\">\n<div class=\"wp-block-button is-style-outline is-style-outline--1\"><a class=\"wp-block-button__link has-text-color has-background has-custom-font-size wp-element-button\" href=\"http:\/\/www.studio-way.fr\" style=\"border-radius:6px;color:#fffffd;background-color:#203c7d;padding-top:9px;padding-right:50px;padding-bottom:9px;padding-left:50px;font-size:clamp(0.875rem, 0.875rem + ((1vw - 0.2rem) * 0.464), 1.13rem);\" target=\"_blank\" rel=\"noreferrer noopener\">L&rsquo;AGENCE STUDIO WAY<\/a><\/div>\n<\/div>\n<\/div>\n<\/div><figure class=\"wp-block-media-text__media\"><img loading=\"lazy\" decoding=\"async\" width=\"737\" height=\"799\" src=\"http:\/\/lesexperiencesway.fr\/wp-content\/uploads\/2026\/02\/ATELIER_APERO_PEINTURE_AIX_EN_PROVENCE_LOLA_PAULINE-1.jpg\" alt=\"atelier ap\u00e9ro peinture \u00e0 Aix en Provence par Lola et Pauline studio way\" class=\"wp-image-67 size-full\" srcset=\"https:\/\/lesexperiencesway.fr\/wp-content\/uploads\/2026\/02\/ATELIER_APERO_PEINTURE_AIX_EN_PROVENCE_LOLA_PAULINE-1.jpg 737w, https:\/\/lesexperiencesway.fr\/wp-content\/uploads\/2026\/02\/ATELIER_APERO_PEINTURE_AIX_EN_PROVENCE_LOLA_PAULINE-1-277x300.jpg 277w\" sizes=\"auto, (max-width: 737px) 100vw, 737px\" \/><\/figure><\/div>\n<\/div>\n\n\n\n<div class=\"wp-block-group alignwide has-global-padding is-layout-constrained wp-container-core-group-is-layout-3bef3681 wp-block-group-is-layout-constrained\" style=\"padding-top:4.51rem;padding-right:0;padding-bottom:4.51rem;padding-left:0\">\n<div class=\"wp-block-media-text alignwide is-stacked-on-mobile\" style=\"margin-right:0;margin-left:0;padding-right:0;padding-left:0\"><figure class=\"wp-block-media-text__media\"><img loading=\"lazy\" decoding=\"async\" width=\"737\" height=\"961\" src=\"http:\/\/lesexperiencesway.fr\/wp-content\/uploads\/2026\/02\/ATELIER_APERO_PEINTURE_AIX_EN_PROVENCE_01.jpg\" alt=\"atelier ap\u00e9ro et peinture \u00e0 aix en provence les exp\u00e9riences way\" class=\"wp-image-75 size-full\" srcset=\"https:\/\/lesexperiencesway.fr\/wp-content\/uploads\/2026\/02\/ATELIER_APERO_PEINTURE_AIX_EN_PROVENCE_01.jpg 737w, https:\/\/lesexperiencesway.fr\/wp-content\/uploads\/2026\/02\/ATELIER_APERO_PEINTURE_AIX_EN_PROVENCE_01-230x300.jpg 230w\" sizes=\"auto, (max-width: 737px) 100vw, 737px\" \/><\/figure><div class=\"wp-block-media-text__content\">\n<div class=\"wp-block-group has-global-padding is-layout-constrained wp-container-core-group-is-layout-9df9b23c wp-block-group-is-layout-constrained\" style=\"padding-top:4.51rem;padding-right:0;padding-bottom:4.51rem;padding-left:2.71rem\">\n<h2 class=\"wp-block-heading has-text-align-left has-text-color has-link-color wp-elements-48171a848c2e0b976f9c062a3a917777\" style=\"color:#203c7d;font-size:clamp(1.383rem, 1.383rem + ((1vw - 0.2rem) * 1.595), 2.26rem);\">Atelier Ap\u00e9ro &amp; Peinture \u00e0 Aix-en-Provence \u2022 L\u2019exp\u00e9rience cr\u00e9ative la plus conviviale de la ville<\/h2>\n\n\n\n<p>Et si votre prochaine sortie \u00e0 Aix-en-Provence changeait un peu ?<br>Bienvenue chez <strong>Les Exp\u00e9riences WAY<\/strong>, un atelier Ap\u00e9ro &amp; Peinture pens\u00e9 pour passer un vrai bon moment &#8211; sans pression, et surtout sans se prendre au s\u00e9rieux ! \ud83c\udfa8<br><br>Ici, on vient pour se d\u00e9tendre, papoter, boire un verre et d\u00e9couvrir qu\u2019on est capable de cr\u00e9er quelque chose de ses propres mains. M\u00eame celles.ceux qui disent en arrivant :<br><em>\u00ab\u00a0Moi ? Peindre ? Impossible.\u00a0\u00bb<\/em> <br>Laissez vous surprendre !<\/p>\n\n\n\n<div class=\"wp-block-buttons is-layout-flex wp-block-buttons-is-layout-flex\" style=\"margin-top:2.01rem;margin-bottom:0\">\n<div class=\"wp-block-button is-style-fill\"><a class=\"wp-block-button__link has-text-color has-background has-custom-font-size wp-element-button\" href=\"https:\/\/linktr.ee\/lesexperiencesway\" style=\"border-radius:6px;color:#fffffd;background-color:#203c7d;padding-top:9px;padding-right:50px;padding-bottom:9px;padding-left:50px;font-size:clamp(0.875rem, 0.875rem + ((1vw - 0.2rem) * 0.464), 1.13rem);\" target=\"_blank\" rel=\"noreferrer noopener\">JE M&rsquo;OFFRE UNE PAUSE CR\u00c9ATIVE<\/a><\/div>\n<\/div>\n<\/div>\n<\/div><\/div>\n<\/div>\n\n\n\n<div class=\"wp-block-group alignwide has-global-padding is-layout-constrained wp-container-core-group-is-layout-3bef3681 wp-block-group-is-layout-constrained\" style=\"padding-top:4.51rem;padding-right:0;padding-bottom:4.51rem;padding-left:0\">\n<div class=\"wp-block-media-text alignwide has-media-on-the-right is-stacked-on-mobile\" style=\"margin-right:0;margin-left:0;padding-right:0;padding-left:0\"><div class=\"wp-block-media-text__content\">\n<div class=\"wp-block-group has-global-padding is-layout-constrained wp-container-core-group-is-layout-0395af79 wp-block-group-is-layout-constrained\" style=\"padding-top:4.51rem;padding-right:2.71rem;padding-bottom:4.51rem;padding-left:0\">\n<h2 class=\"wp-block-heading has-text-align-left has-text-color has-link-color wp-elements-40fd5670b738cbdb75b87496e5119a2f\" style=\"color:#203c7d;font-size:clamp(1.383rem, 1.383rem + ((1vw - 0.2rem) * 1.595), 2.26rem);\">Un atelier peinture \u00e0 Aix-en-Provence accessible \u00e0 tous (vraiment)<\/h2>\n\n\n\n<p>Pas besoin d\u2019\u00eatre cr\u00e9atif, pas besoin de savoir dessiner, pas besoin \u201cd\u2019avoir d\u00e9j\u00e0 essay\u00e9\u201d.<\/p>\n\n\n\n<p>Nos ateliers sont faits pour les d\u00e9butants !<br><br>On vous guide \u00e9tape par \u00e9tape pour reproduire une illustration que nous avons imagin\u00e9e &#8211; souvent inspir\u00e9e de voyages et d\u2019ailleurs &#8211; tout en vous laissant la libert\u00e9 d\u2019y mettre votre touche.<br><br>Le but n\u2019est pas de faire \u201cparfait\u201d.<br>Le but, c\u2019est de passer un bon moment.<\/p>\n\n\n\n<div class=\"wp-block-buttons is-layout-flex wp-block-buttons-is-layout-flex\" style=\"margin-top:2.01rem;margin-bottom:0\">\n<div class=\"wp-block-button is-style-fill\"><a class=\"wp-block-button__link has-text-color has-background has-custom-font-size wp-element-button\" href=\"https:\/\/linktr.ee\/lesexperiencesway\" style=\"border-radius:6px;color:#fffffd;background-color:#203c7d;padding-top:9px;padding-right:50px;padding-bottom:9px;padding-left:50px;font-size:clamp(0.875rem, 0.875rem + ((1vw - 0.2rem) * 0.464), 1.13rem);\" target=\"_blank\" rel=\"noreferrer noopener\">JE VEUX ESSAYER !<\/a><\/div>\n<\/div>\n<\/div>\n<\/div><figure class=\"wp-block-media-text__media\"><img loading=\"lazy\" decoding=\"async\" width=\"737\" height=\"961\" src=\"http:\/\/lesexperiencesway.fr\/wp-content\/uploads\/2026\/02\/ATELIER_APERO_PEINTURE_AIX_EN_PROVENCE_02.jpg\" alt=\"atelier ap\u00e9ro et peinture \u00e0 aix en provence les exp\u00e9riences way\" class=\"wp-image-77 size-full\" srcset=\"https:\/\/lesexperiencesway.fr\/wp-content\/uploads\/2026\/02\/ATELIER_APERO_PEINTURE_AIX_EN_PROVENCE_02.jpg 737w, https:\/\/lesexperiencesway.fr\/wp-content\/uploads\/2026\/02\/ATELIER_APERO_PEINTURE_AIX_EN_PROVENCE_02-230x300.jpg 230w\" sizes=\"auto, (max-width: 737px) 100vw, 737px\" \/><\/figure><\/div>\n<\/div>\n\n\n\n<div class=\"wp-block-group alignwide has-global-padding is-layout-constrained wp-container-core-group-is-layout-3bef3681 wp-block-group-is-layout-constrained\" style=\"padding-top:4.51rem;padding-right:0;padding-bottom:4.51rem;padding-left:0\">\n<div class=\"wp-block-media-text alignwide is-stacked-on-mobile\" style=\"margin-right:0;margin-left:0;padding-right:0;padding-left:0\"><figure class=\"wp-block-media-text__media\"><img loading=\"lazy\" decoding=\"async\" width=\"737\" height=\"961\" src=\"http:\/\/lesexperiencesway.fr\/wp-content\/uploads\/2026\/02\/ATELIER_APERO_PEINTURE_AIX_EN_PROVENCE_03.jpg\" alt=\"atelier ap\u00e9ro et peinture \u00e0 aix en provence les exp\u00e9riences way\" class=\"wp-image-78 size-full\" srcset=\"https:\/\/lesexperiencesway.fr\/wp-content\/uploads\/2026\/02\/ATELIER_APERO_PEINTURE_AIX_EN_PROVENCE_03.jpg 737w, https:\/\/lesexperiencesway.fr\/wp-content\/uploads\/2026\/02\/ATELIER_APERO_PEINTURE_AIX_EN_PROVENCE_03-230x300.jpg 230w\" sizes=\"auto, (max-width: 737px) 100vw, 737px\" \/><\/figure><div class=\"wp-block-media-text__content\">\n<div class=\"wp-block-group has-global-padding is-layout-constrained wp-container-core-group-is-layout-9df9b23c wp-block-group-is-layout-constrained\" style=\"padding-top:4.51rem;padding-right:0;padding-bottom:4.51rem;padding-left:2.71rem\">\n<h2 class=\"wp-block-heading has-text-align-left has-text-color has-link-color wp-elements-820dac7eeae935bc7465fef62e56bf3f\" style=\"color:#203c7d;font-size:clamp(1.383rem, 1.383rem + ((1vw - 0.2rem) * 1.595), 2.26rem);\">Comment se d\u00e9roule un atelier Ap\u00e9ro &amp; Peinture ?<\/h2>\n\n\n\n<p>Bonne nouvelle : vous n\u2019avez rien \u00e0 pr\u00e9voir. On s\u2019occupe de tout.<br><strong>Vous arrivez \u2192 tout est pr\u00eat.<\/strong><br>Toile, peinture, pinceaux, tablier\u2026 installez-vous.<\/p>\n\n\n\n<p><strong>On vous guide \u2192 sans jargon compliqu\u00e9.<\/strong><br>Juste des explications simples pour que tout devienne facile.<\/p>\n\n\n\n<p><strong>Vous profitez \u2192 vraiment.<\/strong><br>Un verre, de la musique, une atmosph\u00e8re chaleureuse.<\/p>\n\n\n\n<p><strong>Et vous repartez avec votre toile.<\/strong><br>Oui, oui \u2014 celle que vous pensiez ne jamais r\u00e9ussir<\/p>\n\n\n\n<p><strong>Prix unique : 39\u20ac\/pers. tout inclus !<\/strong><\/p>\n\n\n\n<div class=\"wp-block-buttons is-layout-flex wp-block-buttons-is-layout-flex\" style=\"margin-top:2.01rem;margin-bottom:0\">\n<div class=\"wp-block-button is-style-fill\"><a class=\"wp-block-button__link has-text-color has-background has-custom-font-size wp-element-button\" href=\"https:\/\/linktr.ee\/lesexperiencesway\" style=\"border-radius:6px;color:#fffffd;background-color:#203c7d;padding-top:9px;padding-right:50px;padding-bottom:9px;padding-left:50px;font-size:clamp(0.875rem, 0.875rem + ((1vw - 0.2rem) * 0.464), 1.13rem);\" target=\"_blank\" rel=\"noreferrer noopener\">JE PRENDS MA PLACE !<\/a><\/div>\n<\/div>\n<\/div>\n<\/div><\/div>\n<\/div>\n\n\n\n<div class=\"wp-block-cover alignfull is-light\"><img loading=\"lazy\" decoding=\"async\" width=\"1024\" height=\"328\" class=\"wp-block-cover__image-background wp-image-162 size-large\" alt=\"\" src=\"http:\/\/lesexperiencesway.fr\/wp-content\/uploads\/2026\/02\/APERO_PEINTURE_AIX_EN_PROVENCE_LES_EXPERIENCES_WAY_03-1024x328.jpg\" data-object-fit=\"cover\" srcset=\"https:\/\/lesexperiencesway.fr\/wp-content\/uploads\/2026\/02\/APERO_PEINTURE_AIX_EN_PROVENCE_LES_EXPERIENCES_WAY_03-1024x328.jpg 1024w, https:\/\/lesexperiencesway.fr\/wp-content\/uploads\/2026\/02\/APERO_PEINTURE_AIX_EN_PROVENCE_LES_EXPERIENCES_WAY_03-300x96.jpg 300w, https:\/\/lesexperiencesway.fr\/wp-content\/uploads\/2026\/02\/APERO_PEINTURE_AIX_EN_PROVENCE_LES_EXPERIENCES_WAY_03-768x246.jpg 768w, https:\/\/lesexperiencesway.fr\/wp-content\/uploads\/2026\/02\/APERO_PEINTURE_AIX_EN_PROVENCE_LES_EXPERIENCES_WAY_03-1536x492.jpg 1536w, https:\/\/lesexperiencesway.fr\/wp-content\/uploads\/2026\/02\/APERO_PEINTURE_AIX_EN_PROVENCE_LES_EXPERIENCES_WAY_03.jpg 1920w\" sizes=\"auto, (max-width: 1024px) 100vw, 1024px\" \/><span aria-hidden=\"true\" class=\"wp-block-cover__background has-background-dim-0 has-background-dim\" style=\"background-color:#b8a8c0\"><\/span><div class=\"wp-block-cover__inner-container has-global-padding is-layout-constrained wp-block-cover-is-layout-constrained\">\n<div class=\"wp-block-group has-global-padding is-layout-constrained wp-container-core-group-is-layout-92ef7b19 wp-block-group-is-layout-constrained\">\n<div class=\"wp-block-group is-vertical is-content-justification-center is-layout-flex wp-container-core-group-is-layout-df5e5584 wp-block-group-is-layout-flex\" style=\"padding-top:0;padding-right:2.01rem;padding-bottom:0;padding-left:2.01rem\">\n<h2 class=\"wp-block-heading has-text-color\" style=\"color:#ffffff;font-size:clamp(1.383rem, 1.383rem + ((1vw - 0.2rem) * 1.595), 2.26rem);font-style:normal;font-weight:500\">Envie de r\u00e9server ?<\/h2>\n\n\n\n<p class=\"has-text-align-center has-text-color\" style=\"color:#fefeff;font-size:clamp(0.875rem, 0.875rem + ((1vw - 0.2rem) * 0.464), 1.13rem);\">Rendez-vous sur notre billetterie en ligne pour choisir ta date !<\/p>\n\n\n\n<div class=\"wp-block-buttons is-layout-flex wp-block-buttons-is-layout-flex\">\n<div class=\"wp-block-button is-style-fill\"><a class=\"wp-block-button__link has-text-color has-background has-custom-font-size wp-element-button\" href=\"https:\/\/linktr.ee\/lesexperiencesway\" style=\"border-radius:6px;color:#fffffd;background-color:#203c7d;padding-top:9px;padding-right:50px;padding-bottom:9px;padding-left:50px;font-size:clamp(0.875rem, 0.875rem + ((1vw - 0.2rem) * 0.464), 1.13rem);\" target=\"_blank\" rel=\"noreferrer noopener\">VOIR L&rsquo;AGENDA<\/a><\/div>\n<\/div>\n<\/div>\n<\/div>\n<\/div><\/div>\n","protected":false},"excerpt":{"rendered":"<p>Atelier Ap\u00e9ro &amp; Peinture \u00e0 Aix-en-Provence Qui sommes-nous ? Pauline &amp; Lola, amies dans la vie et unies par le travail, nous sommes toutes deux directrices artistiques et les fondatrices de l\u2019agence Studio WAY, sp\u00e9cialis\u00e9e en cr\u00e9ation de d\u00e9cors pour les professionnels (vitrine, stand, pop-up\u2026).Nous adorons partager et recevoir, c&rsquo;est pour cette raison que nous [&hellip;]<\/p>\n","protected":false},"author":1,"featured_media":0,"parent":0,"menu_order":0,"comment_status":"closed","ping_status":"closed","template":"","meta":{"footnotes":""},"class_list":["post-11","page","type-page","status-publish","hentry"],"yoast_head":"<!-- This site is optimized with the Yoast SEO plugin v26.9 - https:\/\/yoast.com\/product\/yoast-seo-wordpress\/ -->\n<title>Ateliers - Les Exp\u00e9riences WAY<\/title>\n<meta name=\"description\" content=\"Atelier Ap\u00e9ro &amp; Peinture \u00e0 Aix-en-Provence : une activit\u00e9 conviviale et accessible aux d\u00e9butants pour se d\u00e9tendre, cr\u00e9er et passer un bon moment.\" \/>\n<meta name=\"robots\" content=\"index, follow, max-snippet:-1, max-image-preview:large, max-video-preview:-1\" \/>\n<link rel=\"canonical\" href=\"https:\/\/lesexperiencesway.fr\/index.php\/atelier-apero-peinture-aix-en-provence\/\" \/>\n<meta property=\"og:locale\" content=\"fr_FR\" \/>\n<meta property=\"og:type\" content=\"article\" \/>\n<meta property=\"og:title\" content=\"Ateliers - Les Exp\u00e9riences WAY\" \/>\n<meta property=\"og:description\" content=\"Atelier Ap\u00e9ro &amp; Peinture \u00e0 Aix-en-Provence : une activit\u00e9 conviviale et accessible aux d\u00e9butants pour se d\u00e9tendre, cr\u00e9er et passer un bon moment.\" \/>\n<meta property=\"og:url\" content=\"https:\/\/lesexperiencesway.fr\/index.php\/atelier-apero-peinture-aix-en-provence\/\" \/>\n<meta property=\"og:site_name\" content=\"Les Exp\u00e9riences WAY\" \/>\n<meta property=\"article:modified_time\" content=\"2026-02-13T15:30:42+00:00\" \/>\n<meta property=\"og:image\" content=\"http:\/\/lesexperiencesway.fr\/wp-content\/uploads\/2026\/02\/APERO_PEINTURE_AIX_EN_PROVENCE_LES_EXPERIENCES_WAY_04-1024x331.jpg\" \/>\n<meta name=\"twitter:card\" content=\"summary_large_image\" \/>\n<meta name=\"twitter:label1\" content=\"Dur\u00e9e de lecture estim\u00e9e\" \/>\n\t<meta name=\"twitter:data1\" content=\"3 minutes\" \/>\n<script type=\"application\/ld+json\" class=\"yoast-schema-graph\">{\"@context\":\"https:\/\/schema.org\",\"@graph\":[{\"@type\":\"WebPage\",\"@id\":\"https:\/\/lesexperiencesway.fr\/index.php\/atelier-apero-peinture-aix-en-provence\/\",\"url\":\"https:\/\/lesexperiencesway.fr\/index.php\/atelier-apero-peinture-aix-en-provence\/\",\"name\":\"Ateliers - Les Exp\u00e9riences WAY\",\"isPartOf\":{\"@id\":\"https:\/\/lesexperiencesway.fr\/#website\"},\"primaryImageOfPage\":{\"@id\":\"https:\/\/lesexperiencesway.fr\/index.php\/atelier-apero-peinture-aix-en-provence\/#primaryimage\"},\"image\":{\"@id\":\"https:\/\/lesexperiencesway.fr\/index.php\/atelier-apero-peinture-aix-en-provence\/#primaryimage\"},\"thumbnailUrl\":\"http:\/\/lesexperiencesway.fr\/wp-content\/uploads\/2026\/02\/APERO_PEINTURE_AIX_EN_PROVENCE_LES_EXPERIENCES_WAY_04-1024x331.jpg\",\"datePublished\":\"2026-02-11T13:07:58+00:00\",\"dateModified\":\"2026-02-13T15:30:42+00:00\",\"description\":\"Atelier Ap\u00e9ro & Peinture \u00e0 Aix-en-Provence : une activit\u00e9 conviviale et accessible aux d\u00e9butants pour se d\u00e9tendre, cr\u00e9er et passer un bon moment.\",\"breadcrumb\":{\"@id\":\"https:\/\/lesexperiencesway.fr\/index.php\/atelier-apero-peinture-aix-en-provence\/#breadcrumb\"},\"inLanguage\":\"fr-FR\",\"potentialAction\":[{\"@type\":\"ReadAction\",\"target\":[\"https:\/\/lesexperiencesway.fr\/index.php\/atelier-apero-peinture-aix-en-provence\/\"]}]},{\"@type\":\"ImageObject\",\"inLanguage\":\"fr-FR\",\"@id\":\"https:\/\/lesexperiencesway.fr\/index.php\/atelier-apero-peinture-aix-en-provence\/#primaryimage\",\"url\":\"https:\/\/lesexperiencesway.fr\/wp-content\/uploads\/2026\/02\/APERO_PEINTURE_AIX_EN_PROVENCE_LES_EXPERIENCES_WAY_04.jpg\",\"contentUrl\":\"https:\/\/lesexperiencesway.fr\/wp-content\/uploads\/2026\/02\/APERO_PEINTURE_AIX_EN_PROVENCE_LES_EXPERIENCES_WAY_04.jpg\",\"width\":1920,\"height\":621},{\"@type\":\"BreadcrumbList\",\"@id\":\"https:\/\/lesexperiencesway.fr\/index.php\/atelier-apero-peinture-aix-en-provence\/#breadcrumb\",\"itemListElement\":[{\"@type\":\"ListItem\",\"position\":1,\"name\":\"Home\",\"item\":\"https:\/\/lesexperiencesway.fr\/\"},{\"@type\":\"ListItem\",\"position\":2,\"name\":\"Ateliers\"}]},{\"@type\":\"WebSite\",\"@id\":\"https:\/\/lesexperiencesway.fr\/#website\",\"url\":\"https:\/\/lesexperiencesway.fr\/\",\"name\":\"Les Exp\u00e9riences WAY\",\"description\":\"\",\"potentialAction\":[{\"@type\":\"SearchAction\",\"target\":{\"@type\":\"EntryPoint\",\"urlTemplate\":\"https:\/\/lesexperiencesway.fr\/?s={search_term_string}\"},\"query-input\":{\"@type\":\"PropertyValueSpecification\",\"valueRequired\":true,\"valueName\":\"search_term_string\"}}],\"inLanguage\":\"fr-FR\"}]}<\/script>\n<!-- \/ Yoast SEO plugin. -->","yoast_head_json":{"title":"Ateliers - Les Exp\u00e9riences WAY","description":"Atelier Ap\u00e9ro & Peinture \u00e0 Aix-en-Provence : une activit\u00e9 conviviale et accessible aux d\u00e9butants pour se d\u00e9tendre, cr\u00e9er et passer un bon moment.","robots":{"index":"index","follow":"follow","max-snippet":"max-snippet:-1","max-image-preview":"max-image-preview:large","max-video-preview":"max-video-preview:-1"},"canonical":"https:\/\/lesexperiencesway.fr\/index.php\/atelier-apero-peinture-aix-en-provence\/","og_locale":"fr_FR","og_type":"article","og_title":"Ateliers - Les Exp\u00e9riences WAY","og_description":"Atelier Ap\u00e9ro & Peinture \u00e0 Aix-en-Provence : une activit\u00e9 conviviale et accessible aux d\u00e9butants pour se d\u00e9tendre, cr\u00e9er et passer un bon moment.","og_url":"https:\/\/lesexperiencesway.fr\/index.php\/atelier-apero-peinture-aix-en-provence\/","og_site_name":"Les Exp\u00e9riences WAY","article_modified_time":"2026-02-13T15:30:42+00:00","og_image":[{"url":"http:\/\/lesexperiencesway.fr\/wp-content\/uploads\/2026\/02\/APERO_PEINTURE_AIX_EN_PROVENCE_LES_EXPERIENCES_WAY_04-1024x331.jpg","type":"","width":"","height":""}],"twitter_card":"summary_large_image","twitter_misc":{"Dur\u00e9e de lecture estim\u00e9e":"3 minutes"},"schema":{"@context":"https:\/\/schema.org","@graph":[{"@type":"WebPage","@id":"https:\/\/lesexperiencesway.fr\/index.php\/atelier-apero-peinture-aix-en-provence\/","url":"https:\/\/lesexperiencesway.fr\/index.php\/atelier-apero-peinture-aix-en-provence\/","name":"Ateliers - Les Exp\u00e9riences WAY","isPartOf":{"@id":"https:\/\/lesexperiencesway.fr\/#website"},"primaryImageOfPage":{"@id":"https:\/\/lesexperiencesway.fr\/index.php\/atelier-apero-peinture-aix-en-provence\/#primaryimage"},"image":{"@id":"https:\/\/lesexperiencesway.fr\/index.php\/atelier-apero-peinture-aix-en-provence\/#primaryimage"},"thumbnailUrl":"http:\/\/lesexperiencesway.fr\/wp-content\/uploads\/2026\/02\/APERO_PEINTURE_AIX_EN_PROVENCE_LES_EXPERIENCES_WAY_04-1024x331.jpg","datePublished":"2026-02-11T13:07:58+00:00","dateModified":"2026-02-13T15:30:42+00:00","description":"Atelier Ap\u00e9ro & Peinture \u00e0 Aix-en-Provence : une activit\u00e9 conviviale et accessible aux d\u00e9butants pour se d\u00e9tendre, cr\u00e9er et passer un bon moment.","breadcrumb":{"@id":"https:\/\/lesexperiencesway.fr\/index.php\/atelier-apero-peinture-aix-en-provence\/#breadcrumb"},"inLanguage":"fr-FR","potentialAction":[{"@type":"ReadAction","target":["https:\/\/lesexperiencesway.fr\/index.php\/atelier-apero-peinture-aix-en-provence\/"]}]},{"@type":"ImageObject","inLanguage":"fr-FR","@id":"https:\/\/lesexperiencesway.fr\/index.php\/atelier-apero-peinture-aix-en-provence\/#primaryimage","url":"https:\/\/lesexperiencesway.fr\/wp-content\/uploads\/2026\/02\/APERO_PEINTURE_AIX_EN_PROVENCE_LES_EXPERIENCES_WAY_04.jpg","contentUrl":"https:\/\/lesexperiencesway.fr\/wp-content\/uploads\/2026\/02\/APERO_PEINTURE_AIX_EN_PROVENCE_LES_EXPERIENCES_WAY_04.jpg","width":1920,"height":621},{"@type":"BreadcrumbList","@id":"https:\/\/lesexperiencesway.fr\/index.php\/atelier-apero-peinture-aix-en-provence\/#breadcrumb","itemListElement":[{"@type":"ListItem","position":1,"name":"Home","item":"https:\/\/lesexperiencesway.fr\/"},{"@type":"ListItem","position":2,"name":"Ateliers"}]},{"@type":"WebSite","@id":"https:\/\/lesexperiencesway.fr\/#website","url":"https:\/\/lesexperiencesway.fr\/","name":"Les Exp\u00e9riences WAY","description":"","potentialAction":[{"@type":"SearchAction","target":{"@type":"EntryPoint","urlTemplate":"https:\/\/lesexperiencesway.fr\/?s={search_term_string}"},"query-input":{"@type":"PropertyValueSpecification","valueRequired":true,"valueName":"search_term_string"}}],"inLanguage":"fr-FR"}]}},"_links":{"self":[{"href":"https:\/\/lesexperiencesway.fr\/index.php\/wp-json\/wp\/v2\/pages\/11","targetHints":{"allow":["GET"]}}],"collection":[{"href":"https:\/\/lesexperiencesway.fr\/index.php\/wp-json\/wp\/v2\/pages"}],"about":[{"href":"https:\/\/lesexperiencesway.fr\/index.php\/wp-json\/wp\/v2\/types\/page"}],"author":[{"embeddable":true,"href":"https:\/\/lesexperiencesway.fr\/index.php\/wp-json\/wp\/v2\/users\/1"}],"replies":[{"embeddable":true,"href":"https:\/\/lesexperiencesway.fr\/index.php\/wp-json\/wp\/v2\/comments?post=11"}],"version-history":[{"count":19,"href":"https:\/\/lesexperiencesway.fr\/index.php\/wp-json\/wp\/v2\/pages\/11\/revisions"}],"predecessor-version":[{"id":167,"href":"https:\/\/lesexperiencesway.fr\/index.php\/wp-json\/wp\/v2\/pages\/11\/revisions\/167"}],"wp:attachment":[{"href":"https:\/\/lesexperiencesway.fr\/index.php\/wp-json\/wp\/v2\/media?parent=11"}],"curies":[{"name":"wp","href":"https:\/\/api.w.org\/{rel}","templated":true}]}}